ns digit of 1104/(-32)*(-2 - 60/9)?
9
Let x be 69/12 - (-2)/8. Let g(y) = 3*y - y + 4 + y - x*y. What is the tens digit of g(-8)?
2
Suppose 2*h + 402 = 2*q - 160, -2*q = -5*h - 568. What is the tens digit of q?
7
Let b = -276 + 1008. What is the units digit of b?
2
What is the units digit of (4710 + 0)*(-184)/(-368)?
5
Let d be (-2)/6 - 455/(-15). Suppose 109 = 4*c - u, 4*c - d - 91 = -3*u. Suppose -w + c = 11. What is the tens digit of w?
1
Let p(w) = w**2 - 6. Let i be p(7). Let x be (-1 - 0 - -5) + 1. Suppose x*o - i = 77. What is the tens digit of o?
2
Suppose 0 = -5*j + 2*q - 0*q + 31, 6 = -2*q. Let b = j + 0. Suppose -3*w + b*w = 44. What is the tens digit of w?
2
Suppose 0*t = 4*g + 2*t + 12, 3*g = 3*t - 9. Let j(a) = a + 1. Let m be j(g). What is the tens digit of (-492)/(-8) - m/(-4)?
6
Suppose -4*u + 3*v = -137, 5*u + 17*v = 13*v + 148. What is the units digit of u?
2
What is the units digit of (-28686)/(-5 - 2) - (7 + -3)?
4
Suppose 19*w = 5*w + 28. Suppose -4*u + 23 = 5*i, 15 = 2*i + 3*i. What is the tens digit of (0 + u)*64/w?
6
Let k(x) = -x**2 + 6. Let a be k(-5). Let r = a + 54. What is the tens digit of r?
3
Suppose -j = -3*x + 1433, -4*x - 24*j + 1909 = -27*j. What is the units digit of x?
8
Let p = -3513 + 7922. What is the tens digit of p?
0
Let x(r) = 418*r**2 - 26*r + 49. What is the tens digit of x(2)?
6
Let z(m) = 35 - m - 52 + 53. Let u(b) = -b - 10. Let i be u(-10). What is the tens digit of z(i)?
3
What is the units digit of -2 + 8 + -6 - (-1052 + -2)?
4
Suppose 7*a - 1368 = -a. Let x = -25 + a. What is the tens digit of x?
4
What is the tens digit of (-12 - (-298 + 17))/(1/16)?
0
What is the thousands digit of -29*(2*-18 + -6)?
1
Let h(t) = t**2 - 21*t + 20. Let n be h(20). Suppose n = p + p + 4*f - 6, 5*f - 6 = -4*p. What is the tens digit of 0 - (45*p - -4)?
4
Let k(d) = -d**2 + 7*d - 7. Let v be k(5). Let l = 6 - v. Suppose 0 = 3*i + 2*a - 71, -12 + 67 = l*i - 2*a. What is the tens digit of i?
2
Let y(l) = -l**3 - 6*l**2 - 9*l - 4. Let k be y(-6). Let h be (40/k)/(4/10). Suppose -3*m = z - 14, -2*m = h*m + z - 18. What is the units digit of m?
4
Suppose 0*j = 3*j - 5*j. Suppose j = -2*b - g - 2 + 56, b = g + 24. What is the units digit of b?
6
Let v(w) = w**2 - 8*w + 5. Let k be v(8). Suppose -k*m + 11*m = 258. What is the units digit of m?
3
Suppose -411 = -9*q + 1956. What is the units digit of q?
3
What is the hundreds digit of 1/(-4) + (-36)/(-16) - -1650?
6
Let g be 3/(-2) - (-30)/12. Let n(a) = 1. Let o(h) = -40*h - 6. Let l(f) = -5*n(f) - o(f). What is the tens digit of l(g)?
4
Suppose -16191 = -274*a + 265*a. What is the units digit of a?
9
Let v(r) = 28*r - 225. What is the units digit of v(37)?
1
Let q be (540/55)/(-1) - 4/22. What is the units digit of (-3 + (-22)/q)*10/(-1)?
8
What is the units digit of 33/(-6) - 6/(-4) - -79?
5
Let f(l) = 10*l**2 + 6*l**2 - 24*l**2 - 6 - 9*l - l**3 + 0*l**3. Suppose 4*d - o - 2*o = -25, -39 = 5*d + 4*o. What is the units digit of f(d)?
8
Let r(j) = -j**3 + 14*j**2 + 8*j + 3. What is the tens digit of r(-6)?
7
What is the hundreds digit of (23*-10 - 5)*(-72)/20?
8
Suppose 3*i + 123 = 3*z, z + 5*i - 9 - 56 = 0. Suppose -z = -2*c + 81. What is the units digit of c?
3
Suppose 4*a = 5 + 11. Suppose 216 = 2*f + 2*l, 9*f = a*f - 3*l + 540. What is the tens digit of f?
0
Let i(q) be the first derivative of q**3/3 - 3*q**2 + 9*q - 1. Let o be i(5). Suppose -55 + 151 = o*y. What is the tens digit of y?
2
Suppose 0 = -3*q - f - 2*f + 21, 3*q = -2*f + 18. Suppose q*t - 6*t + 58 = 0. Let c = t + -21. What is the units digit of c?
8
Suppose 7*n + 24 = 13*n. What is the tens digit of (2 - 0)/n - (-1836)/24?
7
Suppose -10*i = -6*i - 5412. What is the hundreds digit of i?
3
Suppose 10*y = 3*y + 14994. What is the hundreds digit of y?
1
What is the tens digit of -4*(5 + -4)*-934?
3
Let o = -32 + 36. What is the tens digit of 94 - ((-12)/o + 2)?
9
Let x(l) = -l. Let p be x(-3). Let w = 889 - 875. Suppose p*u + 232 = 5*o - w, -o + u = -48. What is the units digit of o?
1
Suppose -2*h + 598 + 1168 = 0. What is the units digit of h?
3
Suppose -4*n + 7*n - 2*o = 366, 0 = -n - 5*o + 122. Suppose n = -2*d + 4*d. What is the tens digit of d?
6
Suppose -4*j + r = -2349, 2389 - 65 = 4*j + 4*r. What is the units digit of j?
6
Suppose -d = -5*l + 25 + 17, -2*d - 12 = -2*l. Suppose 5*b + l = 44. Suppose -b*z - 51 = -261. What is the units digit of z?
0
Let o be (1 + 2/(-6))*(-3 + -12). What is the units digit of ((-36)/o)/(2/300*5)?
8
Suppose 4*c - 5*c = 0. Suppose 5*q + 5 = 2*q + 5*d, c = -2*q + 2*d - 2. Let g = q - -25. What is the units digit of g?
5
Suppose 745 = 11*f - 7*f - 3*o, -f + 2*o + 185 = 0. What is the units digit of f?
7
Suppose 7 - 11 = -2*t, 2*a - 502 = 3*t. What is the units digit of a?
4
Suppose 31336 = 17*n - 9*n. What is the thousands digit of n?
3
Suppose -w + u + 1120 = 0, 2*w + 5*u = 2136 + 97. What is the thousands digit of w?
1
Suppose 0 = 5*y, -p + 3*y = y - 55. Let z = 95 - p. What is the units digit of z?
0
Suppose j = -j. Let p(n) = n + 29. What is the tens digit of p(j)?
2
Let q(p) be the first derivative of 8*p**3/3 + 3*p**2 - 44. What is the units digit of q(4)?
2
Suppose -17*a = 538 - 6522. What is the hundreds digit of a?
3
Let l = -81 + 86. What is the tens digit of 1*l/5*(21 + 2)?
2
Let b(v) be the third derivative of -v**6/120 + v**5/12 - v**4/12 + 5*v**3/6 - 3*v**2. Let p be b(5). What is the units digit of (-4)/p - 484/(-20)?
5
Suppose -1999 = -4*c + 1305. What is the tens digit of c?
2
Let l(c) = c**3 - 17*c**2 - 18*c - 1. Let b be l(18). What is the tens digit of (-143)/b + ((-9)/3)/(-3)?
4
Suppose 5*z + 510 = 5*q, 4*z + 91 = 5*q - 417. Let a = q - -2. What is the hundreds digit of a?
1
Let j be (4/(8/54))/(-1). Let c = -20 - j. What is the units digit of c?
7
Let i(l) = l**3 - 4*l**2 + 2*l + 7. Let q be i(3). Suppose -3*s + 609 = 3*a, -2*a + 0*a + 436 = -q*s. What is the units digit of a?
8
Let p = -367 + 375. What is the units digit of p?
8
Let i(d) = -2*d - 8 - 15*d - 17. What is the hundreds digit of i(-9)?
1
Let f(w) = -3*w**2 + 4*w**2 - 2*w**2 + 14*w - 14. What is the units digit of f(7)?
5
Suppose 0 = -4*v + 4*u + 3280, 0 = -2*u + 2 - 10. Suppose 3*j + j = v. What is the hundreds digit of j?
2
What is the units digit of (-120)/200 + (-13796)/(-10)?
9
Let m = 190 - -38. What is the hundreds digit of m?
2
Let l(a) = a**3 + 10*a**2 + 2*a + 3. Let i be l(-10). Let h = i + 3. What is the units digit of (-304)/h + (-2)/(-7)?
2
Let f = -31 - -35. What is the units digit of 178 - (0 + f/4)?
7
Let p(a) = 11*a**2 + 12*a + 20. What is the units digit of p(-7)?
5
What is the hundreds digit of ((-10)/4)/((-1)/178)?
4
Suppose -5*g = c + 7, -c + 5*g + 16 = c. Suppose -y = -3*k + 8, -3*y + c*k = -4*y + 10. What is the units digit of (10 - 2)/1 - y?
7
Let c(a) = 9*a**2 + 3*a - 5. Let w be c(-5). Let l = -134 + w. What is the units digit of l?
1
Let q be (-18)/45 + 234/10. Let l = q - -75. Let j = l - 69. What is the tens digit of j?
2
What is the tens digit of 40810/16 - 183/(-488)?
5
Suppose 12*l - 4825 = 7559. What is the hundreds digit of l?
0
Suppose -3*b - 13 + 37 = 0. Let m(w) = -w - 2. Let s be m(-6). Let y = s + b. What is the tens digit of y?
1
Let h = 161 + 124. Suppose 0 = -3*s + 4*t + h, -376 = -4*s - 5*t + 9*t. What is the units digit of s?
1
Let k be 10*(-4 + 4 + 1). Suppose -3*i + 84 + 165 = 3*x, k = -2*x. Suppose 5*g - i = 3*g. What is the tens digit of g?
4
Let w(c) = -6*c**2 + 10*c**2 + 6*c + 4 - 3*c**2. What is the units digit of w(-6)?
4
Let v be 2/(-4)*(10 - 14). Suppose v*n + f = 345, 4*n = 6*f - f + 697. What is the hundreds digit of n?
1
Suppose -4*n + 4 = 0, 0 = 5*w - 4*n + 5*n - 71. Suppose -w = t + 10. Let u = t - -46. What is the tens digit of u?
2
Let a = -58 - -62. Suppose a*v + 132 = j, 4*j - j - 412 = 4*v. What is the tens digit of j?
4
Let a(p) = -14*p**2 - p + 1. Let j be a(1). Let k be (-7)/j + 87/2. Let u = k - -2. What is the units digit of u?
6
Let o(i) = i**3 - 6*i**2 - 8*i + 3. Let l be o(5). Let a = l + 344. What is the tens digit of a/4*(-6)/(-9)?
4
Let s(c) = -2*c**3 + 4*c + 821. What is the units digit of s(0)?
1
Suppose h = -34*h + 8610. What is the tens digit of h?
4
Suppose -6*t + 2*t + 4 = 0. Let i(r) = 66*r**2 - 